17*o**2 - 24*o - 161. What are the prime factors of w(-5)?
27259
Let d be 89*(-12 + 8) - (0 - -1). What are the prime factors of (-16665)/(-24) + d/56 + 6?
2, 347
Let q(r) = -7548*r**3 - 3*r**2 + 14*r + 15. What are the prime factors of q(-1)?
2, 7, 11
Let z(g) = -685*g - 210. Let p be z(-14). Suppose -25675 - p = -41*t. List the prime factors of t.
3, 5, 19
What are the prime factors of ((-81548)/185)/(2/(-5))?
2, 19, 29
Let s(z) = 40*z**3 + 9*z**2 + 8*z - 8. List the prime factors of s(7).
13, 1093
What are the prime factors of (1/(-3))/((-12)/290592)?
2, 1009
What are the prime factors of ((5005/26)/55)/((-2)/(-5092))?
7, 19, 67
Let n = 37250 - 22595. What are the prime factors of n?
3, 5, 977
Let j(c) = 15 + 148*c - 56*c - 5 + 70*c. What are the prime factors of j(2)?
2, 167
Let n be 3/(3/(-3) + -1 + 3). Suppose 228 = 5*a - a + 3*b, n*a + 4*b - 171 = 0. Suppose -3*g + a + 156 = 0. List the prime factors of g.
71
Suppose -3*b = -6*b - 15. Let n = b - 9. Let f = n - -32. What are the prime factors of f?
2, 3
Let v = 12556 + -6608. What are the prime factors of v?
2, 1487
Let o(m) be the first derivative of m**3/3 + 5*m**2/2 - 9*m - 10. Let u be o(-7). Suppose 2*i - 2*h - 44 = -3*h, 3*i - 79 = u*h. List the prime factors of i.
23
What are the prime factors of 309978/39 + 2256/208 + -11?
2, 1987
Let x(a) = -5*a + 25. Suppose -3*n + 14 = -n + 4*l, 0 = 5*n + 5*l - 30. Let t be x(n). Let c(r) = -r**2 + 2*r + 141. What are the prime factors of c(t)?
3, 47
Let n = -264 + 347. Suppose 77*q = n*q - 4284. List the prime factors of q.
2, 3, 7, 17
Let x = 8953 - 6542. What are the prime factors of x?
2411
List the prime factors of (-1 - 84589/7)/(-2) + (-3846)/(-8974).
6043
Suppose p + 1 = 0, 236*p - 241*p = -2*g + 25975. List the prime factors of g.
5, 7, 53
Suppose -2*o + 1690 = -6040. List the prime factors of o.
5, 773
Let f(n) = n**2 + 6*n - 9. Let g(a) = 16*a**2 - 6*a + 12. Let y be g(2). Let z = 74 - y. What are the prime factors of f(z)?
151
Let w(x) = -94*x + 63. Let p be w(1). Let h = -2 - 1. Let u = h - p. What are the prime factors of u?
2, 7
Suppose 5*m + y + 162 = 0, 7*m - 4*m + 100 = -2*y. Let b = -26 - m. Suppose -2*u = b*u - 456. What are the prime factors of u?
3, 19
Let w = -906 + 15054. What are the prime factors of w?
2, 3, 131
Suppose -9*g + 15*g + 126 = 0. Let c = g + -89. Let q = c + 128. What are the prime factors of q?
2, 3
Suppose -s + 2*t = 24, -5*t + 3*t = 0. List the prime factors of (-1)/(-3) + 11 + (-11392)/s.
2, 3
What are the prime factors of (-239)/(-3)*(-129 + 240)?
37, 239
Let q(x) = x**3 - x**2 - 2*x + 443. Let u = -19 - -19. Let i be q(u). Suppose 4*l = -y + 582, -3*l - 3*y = y - i. List the prime factors of l.
5, 29
Suppose 3*j - 98 = -8. Suppose 0 = -3*x - 2*s + 8, -10*s + 5*s - j = -5*x. Suppose 0 = 4*c + 4, -2*y + x*y = 2*c + 12. List the prime factors of y.
5
Let u = -72 - -74. List the prime factors of -3 + (-4455)/(-10) + u/4.
443
Let w(g) = g**3 - g**2 - 5*g - 3. Let q be w(5). Suppose -18 = -6*x + q. Suppose 95 = 5*j + x. What are the prime factors of j?
2
Suppose 12*m - 68 = 28. Let l(s) = 2*s**2 - s - 1. Let v be l(-1). Suppose -v*u - 2*b = -m, 3*u - 2*u - 4 = 4*b. What are the prime factors of u?
2
Let w be ((-18)/(-12))/(6/(-12536)). Let t = -1942 - w. List the prime factors of t.
2, 149
Let q(n) = 2. Let k(r) = -r**3 + 12*r**2 + 18*r - 35. Let t(h) = -k(h) + 4*q(h). List the prime factors of t(14).
3, 61
Let f be (-6)/(0 - -2)*(-25844)/156. Let s = -249 + f. List the prime factors of s.
2, 31
Let t be (-34)/(-6) + (-9)/(-27). Let q(j) = 37*j - 4. Let p be q(t). Suppose 0 = -6*g + 4*g + p. What are the prime factors of g?
109
Suppose -2*y - 2*y = -8*y. Suppose 3*m = -4*r - 56, 28 = -2*r + 3*m - y*m. Let q = r + 40. What are the prime factors of q?
2, 13
Suppose -v - 2*r = -7154, 30 = -17*r + 12*r. List the prime factors of v.
2, 3583
Let c(h) = -3*h**3 - 43*h**2 - 493*h + 24. What are the prime factors of c(-17)?
7, 1531
Suppose -70847 = -26*r + 527835 - 137338. What are the prime factors of r?
2, 1109
Let t(s) = 4*s**2 + 2. Let n be t(-3). Suppose n = -h + 3*g - 30, -3*h - 4*g = 256. Let u = h - -323. List the prime factors of u.
3
Suppose 6 + 2 = 4*z. Suppose -12 = -3*q, -3*m = -z*q - 33 - 19. Suppose 2*s = -12 + m. What are the prime factors of s?
2
Suppose 113*a = -152*a + 4404565. List the prime factors of a.
11, 1511
Suppose 32*m - 36*m = -12. Suppose 0 = -k, 2*x - m*k = k + 788. List the prime factors of x.
2, 197
Let t(i) = -4*i - 13. Let m be t(-3). What are the prime factors of (-4)/12*(1084 - -2)*m?
2, 181
Suppose 5828 = 3*g + 842. List the prime factors of ((g/12)/(-1))/((-3)/12).
2, 277
Let r(a) = 6*a**2 - 4. Suppose 6 = -4*c + 6*c. Suppose j + 13 = -3*u, -c*j = -j + 8. List the prime factors of r(u).
2, 5
Let s = -123 + 132. Let n = 87 + s. What are the prime factors of n?
2, 3
Let i be 4*3127/8*-2. Let o = -2110 - i. What are the prime factors of o?
3, 113
Suppose 198*c - 2650400 - 2165291 = -1510477. List the prime factors of c.
16693
Let t(m) = 377*m + 548. List the prime factors of t(12).
2, 317
Let i(k) = -25314*k + 44. What are the prime factors of i(-2)?
2, 3167
Let k(q) = 10*q**3 - 3*q**2 - 4*q + 19. Let a = -14 + 17. List the prime factors of k(a).
2, 5
Suppose 0 = -2*r + 551 - 323. What are the prime factors of (r/342)/(0 + (-2)/(-4962))?
827
Let a = -17 - -20. Let q(o) = 3*o**3 - 2*o**2 - 6*o - 4. Let s be q(a). Suppose 0 = -w + s + 71. List the prime factors of w.
2, 7
Let k(m) = 10713*m**2 + 159*m + 2. What are the prime factors of k(-1)?
2, 7, 13, 29
Suppose w - 2792 = 3*r, -5*r - 11147 = -4*w - 0*w. What are the prime factors of w?
11, 23
Let t(m) = m**2 + 12*m + 13. Let i be t(-11). Let s(r) = 3*r**i - 2*r - 4*r - 151 + 3*r + 137. What are the prime factors of s(7)?
2, 7
Let c = 1 + -3. Let u(d) be the first derivative of 28*d**3/3 + 3*d**2/2 + 5*d + 72. List the prime factors of u(c).
3, 37
Let b(j) = 20*j**2 + 107*j + 1484. List the prime factors of b(-31).
17387
Let u(x) = -14*x - 180. Let i be u(-13). Suppose -t + 210 = -p, i*t + 2*p = -0*p + 424. List the prime factors of t.
211
Let n be 377/2 - ((-66)/12 + 4). Suppose -y + 2 + 8 = 0. Suppose y*m = 12*m - n. List the prime factors of m.
5, 19
Let s(z) = 8379*z**2 - 24*z + 30. List the prime factors of s(1).
3, 5, 13, 43
Suppose 18 = r + 11. Suppose -2160 = -r*g + 4*g. Suppose 5*d - 35 + g = 5*z, 0 = -3*z - d + 407. List the prime factors of z.
2, 17
Suppose -268*w + 273*w = -250. List the prime factors of w/20 - ((-8275)/10 - -2).
823
Suppose 8359 = 4*h + 5*k, 11*h - 4178 = 9*h - 2*k. What are the prime factors of h?
2, 7, 149
What are the prime factors of ((-12)/(-8))/(75/171400)?
2, 857
Let n = 387 - 275. Suppose 0 = 4*w + 2*s + s + n, -3*s = 5*w + 143. Let y = w + 52. List the prime factors of y.
3, 7
Let v = -3384 + 12204. List the prime factors of v.
2, 3, 5, 7
Suppose 4*g = 4*s - 8, -4*s + 3*s + 14 = 3*g. Suppose b + 207 = -k + 6*k, -g*b = 6. Suppose -c + k = 5*x, 0*c - 3*x = 3*c - 75. List the prime factors of c.
3, 7
Suppose 0 = -12*b - 8 + 128. Suppose -b*y + 7511 = 19*y. What are the prime factors of y?
7, 37
Let g(u) = -2*u**3 + 12*u**2 + 3*u - 15. Let q be g(6). Suppose 0 = 2*r, 0 = q*a - 2*r - 205 - 614. What are the prime factors of a?
3, 7, 13
Let i(u) = u**3 - 18*u**2 - 87*u + 132. What are the prime factors of i(35)?
2, 2239
Suppose 0 = 3*q + 10 + 17. Let l = 4 + q. What are the prime factors of 265 - (l + 1 + 7)?
2, 131
Let k(i) = i**3 + 2*i**2 - 2*i + 36. Let g be k(0). Let u = g + -33. Suppose -5*o + 35 = n, 4*o = -4*n + u*o + 197. What are the prime factors of n?
2, 5
What are the prime factors of 10*(-15)/(-450) - (-7214)/3?
5, 13, 37
Let c(w) = -w**2 - 23*w - 25. Let b = 38 + -56. Let y be c(b). Let d = -49 + y. List the prime factors of d.
2
Let y(d) = d**3 - 10*d**2 - 12*d + 12. Let f be y(11). Suppose -10*r = -f + 21. What are the prime factors of 34 + (-12)/(r + -2)?
37
Suppose -10*c - 10*c - 6740 = 0. Let h = c + 1103. What are the prime factors of h?
2, 383
Let o be (32/20)/((-2)/(-5)). Let z(c) = 62*c - 18. Let a be z(o). Suppose 10*y = 5*y + a. What are the prime factors of y?
2, 23
Let b(d) = -3 + 23*d - 7 - 25*d + d**2. Let l be b(-5). Suppose 5*w - 4*w - 107 = 2*v, 5*v - l = 0. L